{"id":9,"date":"2018-01-20T18:48:45","date_gmt":"2018-01-20T17:48:45","guid":{"rendered":"http:\/\/2ie-formation.fr\/?page_id=9"},"modified":"2018-01-20T23:39:47","modified_gmt":"2018-01-20T22:39:47","slug":"mentions-legales","status":"publish","type":"page","link":"http:\/\/2ie-formation.fr\/index.php\/mentions-legales\/","title":{"rendered":"Mentions l\u00e9gales"},"content":{"rendered":"<p><strong>\u00a0<\/strong><\/p>\n<h1 style=\"text-align: center;\"><strong><span style=\"color: #3366ff;; font-family: cambria;\"><u>MENTIONS L\u00c9GALES<\/u><\/span> <\/strong><\/h1>\n<p>&nbsp;<\/p>\n<div style=\"width: 1300px; border: 5px solid blue; border-radius: 10px; background: #92C7FB; text-align: left; padding-left: 30px;\"><strong><span style=\"color: black; font-family: cambria; font-size: medium;\"><br \/>\nConform\u00e9ment aux dispositions des Articles 6-III et 19 de la Loi n\u00b02004-575 du 21 juin 2004 pour la Confiance dans l&rsquo;\u00e9conomie num\u00e9rique, dite L.C.E.N., il est port\u00e9 \u00e0 la connaissance des utilisateurs et visiteurs du site 2ieFormation les pr\u00e9sentes mentions l\u00e9gales.<br \/>\n&nbsp;<br \/>\nLe site 2ieFormation est accessible \u00e0 l&rsquo;adresse suivante : www.2ie-formation.fr (ci-apr\u00e8s \u00ab\u00a0le Site\u00a0\u00bb). L&rsquo;acc\u00e8s et l&rsquo;utilisation du Site sont soumis aux pr\u00e9sentes \u00a0\u00bb Mentions l\u00e9gales\u00a0\u00bb d\u00e9taill\u00e9es ci-apr\u00e8s ainsi qu&rsquo;aux lois et\/ou r\u00e8glements applicables.<br \/>\nLa connexion, l&rsquo;utilisation et l&rsquo;acc\u00e8s \u00e0 ce Site impliquent l&rsquo;acceptation int\u00e9grale et sans r\u00e9serve de l&rsquo;internaute de toutes les dispositions des pr\u00e9sentes Mentions L\u00e9gales.<br \/>\n&nbsp;<br \/>\n<\/strong><\/div>\n<p>&nbsp;<\/p>\n<div style=\"width: 1300px; border: 5px solid blue; border-radius: 10px; background: #92C7FB; text-align: left; padding-left: 30px;\"><strong><strong><strong><span style=\"color: black; font-family: cambria; font-size: medium;\"><br \/>\n<u>ARTICLE 1 &#8211; INFORMATIONS L\u00c9GALES<\/u>En vertu de l&rsquo;Article 6 de la Loi n\u00b0 2004-575 du 21 juin 2004 pour la confiance dans l&rsquo;\u00e9conomie num\u00e9rique, il est pr\u00e9cis\u00e9 dans cet article l&rsquo;identit\u00e9 des diff\u00e9rents intervenants dans le cadre de sa r\u00e9alisation et de son suivi.<\/p>\n<div style=\"width: 1000px; border: 5px solid yellow; border-radius: 10px; background: #FBF892; text-align: left; padding-left: 30px;\">\n&nbsp;<br \/>\n<u>Le site 2ieFormation est \u00e9dit\u00e9 par :<\/u><br \/>\nSASU 2ieFormation<br \/>\nAyant son si\u00e8ge social \u00e0 l&rsquo;adresse suivante :<br \/>\n4 rue des docteurs Bocquet<br \/>\n76710 Montville,<br \/>\net immatricul\u00e9e au num\u00e9ro suivant : RCS Rouen 832 261 218.<br \/>\nT\u00e9l\u00e9phone : 06.49.32.09.05<br \/>\nAdresse e-mail : contact@2ie-formation.fr<br \/>\nCi-apr\u00e8s\u00a0 \u00ab\u00a0l&rsquo;\u00c9diteur\u00a0\u00bb<br \/>\n&nbsp;\n<\/div>\n<p>&nbsp;<\/p>\n<div style=\"width: 1000px; border: 5px solid yellow; border-radius: 10px; background: #FBF892; text-align: left; padding-left: 30px;\"><strong><strong><strong><span style=\"color: black; font-family: cambria; font-size: medium;\"><br \/>\n<u>Le Directeur de publication est :<\/u><\/span><\/strong><\/strong><\/strong><br \/>\nPatrice ALEXANDRE<br \/>\nAdresse e-mail de contact : contact@2ie-formation.fr<br \/>\nCi-apr\u00e8s \u00ab\u00a0le Directeur de publication\u00a0\u00bb<br \/>\n&nbsp;\n<\/div>\n<p>&nbsp;<\/p>\n<div style=\"width: 1000px; border: 5px solid yellow; border-radius: 10px; background: #FBF892; text-align: left; padding-left: 30px;\"><strong><strong><span style=\"color: black; font-family: cambria; font-size: medium;\"><br \/>\n<u>Le site 2ieFormation est h\u00e9berg\u00e9 par :<\/u><\/span><\/strong><\/strong><br \/>\nSAS OVH<br \/>\nDont le si\u00e8ge est situ\u00e9 \u00e0 l&rsquo;adresse suivante : 2 rue Kellermann BP 80157 59100 Roubaix<br \/>\nT\u00e9l\u00e9phone : +33 9 72 10 10 07<br \/>\nAdresse e-mail : support@ovh.com.<br \/>\nCi-apr\u00e8s  \u00ab\u00a0l&rsquo;H\u00e9bergeur\u00a0\u00bb<br \/>\n&nbsp;\n<\/div>\n<p>&nbsp;<\/p>\n<div style=\"width: 1000px; border: 5px solid yellow; border-radius: 10px; background: #FBF892; text-align: left; padding-left: 30px;\"><strong><strong><span style=\"color: black; font-family: cambria; font-size: medium;\"><br \/>\nSont consid\u00e9r\u00e9s comme utilisateurs tous les internautes qui naviguent, lisent, visionnent et utilisent le site 2ieFormation.<br \/>\nCi-apr\u00e8s les  \u00ab\u00a0Utilisateurs\u00a0\u00bb<\/span><\/strong><\/strong><br \/>\n&nbsp;\n<\/div>\n<p>&nbsp;\n<\/p><\/div>\n<p>&nbsp;<\/p>\n<div style=\"width: 1300px; border: 5px solid blue; border-radius: 10px; background: #92C7FB; text-align: left; padding-left: 30px;\"><strong><span style=\"color: black; font-family: cambria; font-size: medium;\"><br \/>\n<u>ARTICLE 2 &#8211; ACCESSIBILIT\u00c9<\/u><br \/>\n&nbsp;<br \/>\nLe Site est par principe accessible aux utilisateurs 24\/24h et 7\/7j, sauf interruption, programm\u00e9e ou non, pour des besoins de maintenance ou en cas de force majeure.<br \/>\nEn cas d&rsquo;impossibilit\u00e9 d&rsquo;acc\u00e8s au Site, celui-ci s&rsquo;engage \u00e0 faire son maximum afin d&rsquo;en r\u00e9tablir l&rsquo;acc\u00e8s. Le Site ne saurait \u00eatre tenu pour responsable de tout dommage, quelle qu&rsquo;en soit la nature, r\u00e9sultant de son indisponibilit\u00e9.<br \/>\n&nbsp;\n<\/div>\n<p>&nbsp;<\/p>\n<div style=\"width: 1300px; border: 5px solid blue; border-radius: 10px; background: #92C7FB; text-align: left; padding-left: 30px;\"><strong><span style=\"color: black; font-family: cambria; font-size: medium;\"><br \/>\n<u>ARTICLE 3 &#8211; COLLECTE DE DONN\u00c9ES ET LOI INFORMATIQUE ET LIBERT\u00c9S<\/u><br \/>\n&nbsp;<br \/>\nLe site 2ieFormation est exempt\u00e9 de d\u00e9claration \u00e0 la Commission Nationale Informatique et Libert\u00e9s (CNIL) dans la mesure o\u00f9 il ne collecte aucune donn\u00e9e des Utilisateurs.<br \/>\n&nbsp;\n<\/div>\n<p>&nbsp;<\/p>\n<div style=\"width: 1300px; border: 5px solid blue; border-radius: 10px; background: #92C7FB; text-align: left; padding-left: 30px;\"><strong><span style=\"color: black; font-family: cambria; font-size: medium;\"><br \/>\n<u>ARTICLE 4 &#8211; LOI APPLICABLE ET JURIDICTION<\/u><br \/>\n&nbsp;<br \/>\nLes pr\u00e9sentes Mentions L\u00e9gales sont r\u00e9gies par la loi fran\u00e7aise. En cas de diff\u00e9rend et \u00e0 d\u00e9faut d&rsquo;accord amiable, le litige sera port\u00e9 devant les tribunaux fran\u00e7ais conform\u00e9ment aux r\u00e8gles de comp\u00e9tence en vigueur.<br \/>\n&nbsp;\n<\/div>\n<p>&nbsp;<\/p>\n<div style=\"width: 1300px; border: 5px solid blue; border-radius: 10px; background: #92C7FB; text-align: left; padding-left: 30px;\"><strong><span style=\"color: black; font-family: cambria; font-size: medium;\"><br \/>\n<u>ARTICLE 5 &#8211; CONTACT<\/u><br \/>\n&nbsp;<br \/>\nPour tout signalement de contenus ou d&rsquo;activit\u00e9s illicites, l&rsquo;Utilisateur peut contacter l&rsquo;\u00c9diteur \u00e0 l&rsquo;adresse suivante : contact@2ie-formation.fr, ou par courrier recommand\u00e9 avec accus\u00e9 de r\u00e9ception adress\u00e9 \u00e0 l&rsquo;\u00c9diteur aux coordonn\u00e9es pr\u00e9cis\u00e9es dans les pr\u00e9sentes mentions l\u00e9gales.<br \/>\n&nbsp;\n<\/div>\n<p>&nbsp;<\/p>\n<h3 style=\"text-align: center;\"><span style=\"color: #3366ff;\"><strong><span style=\"color: #3366ff; font-family: cambria; font-size: xx-large;\">2ieFormation vous souhaite une excellente navigation !<\/span><\/strong><\/span><\/h3>\n","protected":false},"excerpt":{"rendered":"<p>\u00a0 MENTIONS L\u00c9GALES &nbsp; Conform\u00e9ment aux dispositions des Articles 6-III et 19 de la Loi n\u00b02004-575 du 21 juin 2004 pour la Confiance dans l&rsquo;\u00e9conomie num\u00e9rique, dite L.C.E.N., il est port\u00e9 \u00e0 la connaissance des utilisateurs et visiteurs du site 2ieFormation les pr\u00e9sentes mentions l\u00e9gales. &nbsp; Le site 2ieFormation est accessible \u00e0 l&rsquo;adresse suivante : &hellip; <\/p>\n<p class=\"link-more\"><a href=\"http:\/\/2ie-formation.fr\/index.php\/mentions-legales\/\" class=\"more-link\">Continue reading<span class=\"screen-reader-text\"> \u00ab\u00a0Mentions l\u00e9gales\u00a0\u00bb<\/span><\/a><\/p>\n","protected":false},"author":1,"featured_media":0,"parent":0,"menu_order":0,"comment_status":"closed","ping_status":"closed","template":"","meta":{"footnotes":""},"_links":{"self":[{"href":"http:\/\/2ie-formation.fr\/index.php\/wp-json\/wp\/v2\/pages\/9"}],"collection":[{"href":"http:\/\/2ie-formation.fr\/index.php\/wp-json\/wp\/v2\/pages"}],"about":[{"href":"http:\/\/2ie-formation.fr\/index.php\/wp-json\/wp\/v2\/types\/page"}],"author":[{"embeddable":true,"href":"http:\/\/2ie-formation.fr\/index.php\/wp-json\/wp\/v2\/users\/1"}],"replies":[{"embeddable":true,"href":"http:\/\/2ie-formation.fr\/index.php\/wp-json\/wp\/v2\/comments?post=9"}],"version-history":[{"count":101,"href":"http:\/\/2ie-formation.fr\/index.php\/wp-json\/wp\/v2\/pages\/9\/revisions"}],"predecessor-version":[{"id":209,"href":"http:\/\/2ie-formation.fr\/index.php\/wp-json\/wp\/v2\/pages\/9\/revisions\/209"}],"wp:attachment":[{"href":"http:\/\/2ie-formation.fr\/index.php\/wp-json\/wp\/v2\/media?parent=9"}],"curies":[{"name":"wp","href":"https:\/\/api.w.org\/{rel}","templated":true}]}}